). Let g(v) = v + 1. What is g(r)?
3
Let f(q) = -q**2 + 2*q. Let y be f(2). Let x(l) = -l + 4. Determine x(y).
4
Let l(h) = -1 - 10 + h**2 + 7 + 2. Let w = 6 + -4. What is l(w)?
2
Let g(a) = -a**3 + 4*a**2 - a - 2. Suppose -16*h = -18*h + 4. Determine g(h).
4
Let s be (-24)/10 - (-4)/10. Let n(i) be the first derivative of i**5/120 + i**4/24 + i**3/3 + 2. Let g(c) be the third derivative of n(c). Calculate g(s).
-1
Let o(d) = d. Let p = -11 - -12. Determine o(p).
1
Let d(x) be the second derivative of x**4/12 + 2*x**3/3 + 5*x**2/2 - 4*x. Let i be d(-4). Let q(o) = -o + 3. Give q(i).
-2
Let v = 8 - 10. Let u be -10*(-3)/(-12)*v. Let p(y) = 13*y**2 - y**3 - y**2 - u*y + 1 - 8*y**2 + 2*y**3. Determine p(-5).
1
Let k = -1 + -5. Suppose 4*z - 5*g + 5 - 22 = 0, 3*g + 9 = 2*z. Let c(x) = 8 + z*x - 2 - 2*x. What is c(k)?
0
Let s(v) = v**2 - 12*v + 16. Let g be s(10). Let c(a) = 3*a + 6. Give c(g).
-6
Let l(m) = -m**3 - 10*m**2 + 10*m - 11. Let d = 21 - 32. Determine l(d).
0
Let x(h) be the third derivative of -h**6/120 - h**5/12 - h**4/8 - 7*h**3/6 + h**2. Let j be x(-5). Let p(u) = j - 4 + u - 2*u**2 - 3. Determine p(-1).
-2
Suppose -20 = 2*t - 22. Let s(c) be the second derivative of 3*c**5/10 - c**4/6 + c**3/3 - c**2/2 - 4*c. Calculate s(t).
5
Let y be -2 + (0 - 0) + -2. Let p(x) = x**3 + 3*x**2 - 5*x + 2. What is p(y)?
6
Suppose 4*q = 2 - 38. Let l(i) = 5*i + 16. Let t(n) = n + 1. Let f(o) = l(o) - 3*t(o). Let k be f(q). Let v(u) = -u**2 - 3*u + 5. Give v(k).
-5
Let f(h) = -h**2 - h + 1. Let c(z) = -3*z**2 + 3*z + 10. Let q(d) = c(d) - 4*f(d). Determine q(-4).
-6
Let y(m) = -m**3 - 3*m**2 + m + 4. Let b be y(-3). Let o(g) = -2*g**2 + 2*g - 1. Calculate o(b).
-1
Let v(j) = 5*j**2 + j - 1. Let l(r) = r. Let c = -1 + -2. Let g be l(c). Let w = -2 - g. Calculate v(w).
5
Let g = 20 - 12. Let f(k) = k - 5. Let c be f(g). Let u(r) = -r - c*r - 2*r + r**2 - r + 5. Calculate u(5).
-5
Let i(b) be the third derivative of -b**5/60 + 7*b**4/24 - 2*b**2 - 6*b. Determine i(6).
6
Let b be (-52)/(-14) + (-8)/(-28). Let y(w) be the second derivative of 1/12*w**b + 0 - w**2 - 1/6*w**3 + w. What is y(2)?
0
Suppose -p - 4*t + 1 = 7, -p - 5*t - 8 = 0. Let z(g) = 3*g + 0*g - p*g + 3 + 2. What is z(0)?
5
Let r(k) = k**2 - 2*k - 12. Let g be r(5). Let s(m) = -m**2 + m - 1. What is s(g)?
-7
Suppose 0*m + 9 = -3*m. Let w(q) = 9*q**3 + 4*q**2 - 3*q. Let g(l) = l**2 - l. Let p(i) = m*g(i) + w(i). Let v(a) = -a**2 + 3*a - 3. Let o be v(2). Give p(o).
-8
Let x(g) = 2*g**2 - 2*g + 2. Let h be (-10)/15*9/(-2). Let u = h + -5. Let j = 0 - u. Determine x(j).
6
Let p(j) = -3*j - 3. Suppose 1 + 5 = 2*g. Let f(d) = -8*d - 3*d**2 + 4*d**2 - d**3 + 7*d**2 + g. Let k be f(7). Determine p(k).
9
Let v = -9 - -6. Let o(i) = i**3 + 2*i**2 - 2*i - 3. Let n be o(v). Let q = 11 + n. Let y(x) = -x**2 + 5*x - 2. Give y(q).
-2
Let d(k) = -3*k**3 - 3*k - 3. Let o(a) = -2*a**3 + 19*a**3 + 4*a - a**3 + 16 + 12*a. Let u(h) = 11*d(h) + 2*o(h). Calculate u(0).
-1
Let z(i) be the third derivative of i**4/24 + 5*i**3/6 - 12*i**2. What is z(-6)?
-1
Suppose 16 = 3*i + z, 4*z + 55 = 5*i - 0*i. Let q(s) be the first derivative of -s**4/4 + 8*s**3/3 - 4*s**2 + s + 8. What is q(i)?
-6
Suppose -4*t + 1 + 3 = 0. Let c(k) = 11*k + 4 - 3 - 5*k. Calculate c(t).
7
Let j(a) be the third derivative of a**8/20160 - a**7/1008 + a**6/144 - a**5/12 + 7*a**2. Let s(k) be the third derivative of j(k). Calculate s(5).
5
Let f(d) = 0 - 2*d - 4 - 2*d + 3*d. Give f(-3).
-1
Let q(d) be the first derivative of -d**2/2 + 9*d + 17. What is q(7)?
2
Let v be 0/1 - (-2 + 0). Let z(j) be the third derivative of -j**4/12 - j**3/3 - j**2. Calculate z(v).
-6
Suppose f + f - 3*v = -16, f + 1 = -2*v. Let d(b) = 2*b**2 + 8*b + 5. Calculate d(f).
15
Let h(d) = -d - 9. Let f = 27 + -4. Let b(s) = s**3 + s**2 + 7. Let v be b(0). Suppose 4*i = v - f. Determine h(i).
-5
Let a be 11/4 - (-2)/8. Suppose -1 = a*s - 2*s. Let q(t) = 7*t**2 - t. Give q(s).
8
Suppose 2*m = -1 - 1. Let a = m - 2. Let h(g) be the third derivative of -g**5/60 + g**3/3 - g**2. Calculate h(a).
-7
Let l(m) be the second derivative of -m**6/120 + 7*m**5/60 - 7*m**4/24 + m**3/3 + m**2/2 - m. Let b(o) be the first derivative of l(o). Determine b(6).
-4
Let g(c) = -91 + 45 + 53 + c. What is g(-4)?
3
Suppose 0 = -4*v - 3 + 7. Let h(a) = -a + 1 - v - 4*a**2. Let d = -3 + 2. Calculate h(d).
-3
Let s(p) = -p + 1. Let j(t) = -4*t + 4. Let l(z) = j(z) - 5*s(z). Let h = 11 - 16. What is l(h)?
-6
Let j(m) = 4*m**2 + 5*m + 9. Let i(u) = -u**2 - u - 2. Let z(l) = -9*i(l) - 2*j(l). Calculate z(3).
6
Let f(z) be the second derivative of -1/8*z**4 + 1/60*z**5 - z - z**2 - 5/6*z**3 + 0. Let g(w) be the first derivative of f(w). What is g(5)?
5
Let z(q) = -q**3 + 0*q**3 + 4 + q**2 + 5*q - 2*q. Let x be z(3). Let l(n) = n**3 + 6*n**2 + 3*n - 5. What is l(x)?
5
Let n(g) = 41*g**2 + 48*g**2 - 135*g**2 - 1 + 50*g**2. Let r = -4 + 3. Calculate n(r).
3
Let n(p) = -4*p + 1. Suppose 3*m = 3 - 9. Calculate n(m).
9
Let a(d) = -d + 3. Let g be a(5). Let h be 1/g*(-6 - -2). Let s(j) = 5*j**2 - 1 + 3*j**3 - h*j**3 - 2*j + j. Give s(-5).
4
Let j(l) = 8*l**3 + 2*l**2 - 1. Let t(m) = -m**2 - m + 3. Let y be t(0). Suppose -5*f - 11 = -4*a, y*a + 18 = -2*f - 3*f. What is j(a)?
-7
Let h(j) = -j**2 - 3*j - 3. Let f be h(-5). Let z = f - -23. Let p be 3/6*z/(-1). Let m(n) = -n**2 - 6*n + 2. Calculate m(p).
7
Let w = 4 - 2. Let v(h) = -w*h - 13 - h + 14. Determine v(-1).
4
Let s(g) be the second derivative of g**4/12 + 5*g**3/6 - 6*g. Let f = 6 + -4. Let i be (-1)/f + (-33)/6. Calculate s(i).
6
Let h(j) = -3*j + 4. Let d = -25 + 31. What is h(d)?
-14
Let v = -7 + 7. Let q(s) = -s**3 + 7*s**2 + 5*s - 3. Let n(i) = -i**3 + 8*i**2 + 6*i - 4. Let p(g) = -6*n(g) + 7*q(g). Give p(v).
3
Suppose -15 = -2*l - 5. Let s(q) be the third derivative of q**4/24 - 5*q**3/6 - q**2. Calculate s(l).
0
Let n(t) be the second derivative of 0*t**2 + 0 + 0*t**4 + 2/5*t**5 - 1/6*t**3 + t. Determine n(-1).
-7
Let r(n) = -2*n - 2. Let y = -3 + 9. What is r(y)?
-14
Let n(r) = -18*r + 38*r - 18*r. Give n(-6).
-12
Suppose p - 4 = -f, -f + 14 = p + 2*p. Let r(k) = 2*k**2 - 2*k - 2. Let c be r(2). Let q(j) = j**2 - c*j**3 + j**3 + 5*j**3 + 1 - 2*j + 4*j. What is q(f)?
-4
Let u(g) be the third derivative of 1/30*g**5 + 0 + 4*g**2 - 1/6*g**3 + 0*g + 1/120*g**6 - 1/8*g**4. Give u(-2).
5
Let u(l) = 4*l**2 + 5*l - 2. Let x(d) = -5*d**2 - 6*d + 2. Let m(r) = 6*u(r) + 5*x(r). Let q be 0*-1*1*-1. Suppose q*p = 3*p - w + 4, 0 = -3*w - 6. Give m(p).
-6
Suppose -3*u - 2*a = -16, -2*u + 21 = u + 3*a. Suppose d - u = -d. Let w(k) = -2*k - 2*k**2 - d + 4*k**2 - k**2. What is w(2)?
-1
Suppose -3 = -3*q, 5*c = 3*q + 6 - 24. Let s(x) be the second derivative of 1/2*x**2 + 0 - x - 1/3*x**3. Give s(c).
7
Let g(i) = -i + i**2 - 2*i - 2 - 4*i**2 - i**3. Let u(f) = f**2 + f - 3. Suppose -2*o - 2 = y + 3, 2*o - 5 = y. Let m be u(o). What is g(m)?
7
Let a(h) be the third derivative of -h**6/120 - h**5/30 - h**4/24 - h**3/6 + h**2. Determine a(-3).
11
Suppose 0 = -p - 11 + 2. Let q be (-156)/(-27) - 2/p. Let h(z) = -z**3 + 6*z**2 + z - 3. Calculate h(q).
3
Let t(l) = 7*l - 2 + 11*l - 16*l. Calculate t(-5).
-12
Let n(t) = t - 3. Let i be n(6). Suppose -12*v = -13*v + 2. Let p(j) = 2 - j**i - j**2 - 1 + 5*j**2 - v*j - j**2. Give p(1).
1
Let f(y) = 5*y - 3. Suppose -7*m + 9 = -4*m. Let q be (3/2)/(m/4). Determine f(q).
7
Let q be 3*(-4)/(-18)*-3. Let j(v) = -2*v**3 + 3*v**2 + 6*v + 7. Let o(c) = c**3 - 2*c**2 - 3*c - 4. Let f(n) = 3*j(n) + 5*o(n). Calculate f(q).
-1
Let y(p) = -7*p - 69. Let h be y(-9). Let q(r) be the third derivative of r**6/120 + r**5/10 + r**4/12 + r**3 + r**2. Calculate q(h).
-6
Let g(s) = s + s - 6 + 5. Suppose 0 = -3*x + 4*x. Suppose -4 = -4*k - x. Calculate g(k).
1
Let m be 4/12*(11 + 1). Let i(b) = -4 + 6 - b**3 + 4*b**2 - m - 3 + 6*b. Calculate i(5).
0
Let f(j) = -54*j**2 - 53*j**2 - 42*j**2 + 8*j + 156*j**2 + j**3. Calculate f(-6).
-12
Let h(i) = i + 1. Let z be ((-3)/(-6))/((-2)/(-4)). Suppose u = -0 + z. What is h(u)?
2
Let t = 9 + -7. Let m(o) = -3*o**2 - 12 + 2*o**t + 8 + 4*o. What is m(4)?
-4
Let x(i) = 3*i - 4. Let b(r) = -r + 2. Let p be b(2). Suppose -4*q + 10 + 22 = p. Suppose 12 = -5*z + q*z. Determine x(z).
8
Let t = -4 - -7. Let m